{"id":421,"date":"2019-03-02T17:04:49","date_gmt":"2019-03-02T17:04:49","guid":{"rendered":"https:\/\/demos.codetipi.com\/zeen-lifestyle\/?page_id=421"},"modified":"2020-05-20T10:58:55","modified_gmt":"2020-05-20T10:58:55","slug":"homepage","status":"publish","type":"page","link":"https:\/\/www.graphic.fi\/umg2020\/","title":{"rendered":"Etusivu"},"content":{"rendered":"<p><img decoding=\"async\" src=\"https:\/\/www.graphic.fi\/umg2020\/wp-content\/uploads\/2020\/04\/UMG_landingpage_testi-01.svg\"><\/p>\n<p>UMG on Lapin yliopiston graafisen suunnittelun maisteriopiskelijoiden toteuttama yhteis\u00f6lehti, joka ilmestyy&nbsp;s\u00e4hk\u00f6isen\u00e4 ja painettuna. Selailet nyt 10 vuotta t\u00e4ytt\u00e4v\u00e4\u00e4 ja 11. kertaa ilmestyv\u00e4\u00e4 UMG-verkkolehte\u00e4. Vuodesta toiseen UMG-nimilyhenne s\u00e4ilyy, mutta sen merkitys ja lehden teema vaihtuu. T\u00e4n\u00e4 vuonna teema on n\u00e4kyv\u00e4 ja n\u00e4kym\u00e4t\u00f6n, ja lehden nimi muodostuu lausahduksesta: Uh, mit\u00e4 gradienttii! Gradientti-efektiss\u00e4 v\u00e4rit yhdistyv\u00e4t toisiinsa tai liukuvat l\u00e4pin\u00e4kyv\u00e4st\u00e4 n\u00e4kyv\u00e4\u00e4n. UMG-tiimi otti liukuv\u00e4rit haltuunsa, hypp\u00e4si journalismin polulle ja pohti, mit\u00e4 lukijat haluaisivat alamme ilmi\u00f6ist\u00e4 tiet\u00e4\u00e4. Klikkaa artikkeleita ja uppoudu uuden vuosikymmenen UMG-lehteen, jonka sis\u00e4ll\u00f6t sulautuvat toisiinsa monis\u00e4vyisen gradientin tavoin.<\/p>\n<p class=\"tipi-center\"><strong style=\"color: #ffa6f0\">LUKUILOA!<\/strong><\/p>\n<p class=\"tipi-center\">Luo itsellesi pehme\u00e4 lukunurkkaus ja laita soimaan lempe\u00e4st\u00e4 lo-fi-musiikista koottu UMG-soittolista.&nbsp;<\/p>\n<p class=\"tipi-center\">P\u00e4\u00e4set kuuntelemaan koko listan <span style=\"color: #e42549\">Spotifysta.<\/span><\/p>\n<style id=\"team_free_dynamic_css855\">#sptp-855 .sptp-grid .sptp-row{margin-right:-12.5px;margin-left:-12.5px;}#sptp-855 .sptp-member-avatar-img{border:0px none ;background-color:#FFFFFF;}#sptp-855 .sptp-member-avatar-img:hover{}#sptp-855 .sptp-section-title{margin-bottom:25px;}#sptp-855 .sptp-section-title span{color:#333333;}#sptp-855 .sptp-member-name .sptp-member-name-title{color:#333333;}#sptp-855 .sptp-member-profession .sptp-jop-title{color:#333333;}#sptp-855 .sptp-member-desc{color:#333333;}#sptp-855 .border-bg-around-member:not(.sptp-content-on-image){border:0px none #ddd;border-radius:0;background-color:transparent;}#sptp-855 .border-bg-around-member:not(.sptp-content-on-image):hover{border-color:#444;}#sptp-855 .sp-team-item .sptp-member{margin:12.5px 12.5px;padding:0px 0px 0px 0px;}#sptp-855 .swiper-slide .sptp-member{padding:0px 0px 0px 0px;}#sptp-855 .sptp-list-item.sptp-member,#sptp-855.sptp-section .sptp-member{box-shadow:none;}#sptp-855 .sptp-list-item.sptp-member,#sptp-855.sptp-carousel .sptp-member{margin-left:0px ;}#sptp-855 .sptp-list-item.sptp-member:hover,#sptp-855.sptp-section .sptp-member:hover{box-shadow:none;}<\/style><div id=\"sptp-855\" class=\"sp-team sptp-section sptp- top_img_bottom_content\">\n\t\t<div class=\"sptp-grid\">\n\t\t\t<div class=\"sptp-page-loading-image\"><\/div>\n\t\t<div class=\"sptp-row\">\n\t\t\t\t\t\t\t\t<div class=\"sp-team-item sptp-col-lg-3 sptp-col-md-3 sptp-col-sm-3 sptp-col-xs-1\">\n\t\t\t\t<div class=\"sptp-member border-bg-around-member\">\n\t<div class='sptp-member-avatar' >\n\t<span class=\"sptp-member-avatar-img sptp-square none\">\n\t\t<img decoding=\"async\" src=\"https:\/\/www.graphic.fi\/umg2020\/wp-content\/uploads\/2020\/04\/henkilokuva_7_josku.png\" alt=\"\" width=\"3880\" height=\"3880\">\n\t<\/span>\n<\/div>\n<div class=\"sptp-member-name\">\n\t\t<h2 class='sptp-member-name-title'>Josefina Yrj\u00f6l\u00e4<\/h2>\n\t<\/div>\n<div class=\"sptp-member-profession\">\n\t\t\t<h4 class=\"sptp-jop-title\">Valokuvaaja, markkinointi, copywriter<\/h4>\n\t<\/div>\n<div class=\"sptp-member-desc\">\n\t\t<img decoding=\"async\" src=\"https:\/\/www.graphic.fi\/umg2020\/wp-content\/uploads\/2020\/04\/tekjat_josku_teksti_01.svg\" alt=\"\" \/>\r\n<b><a href=\"https:\/\/www.instagram.com\/joskudesign\/\">Instagram<\/a><\/b><\/div>\n<\/div><!-- .sptp-member -->\n\t\t\t<\/div>\n\t\t\t\t\t\t<div class=\"sp-team-item sptp-col-lg-3 sptp-col-md-3 sptp-col-sm-3 sptp-col-xs-1\">\n\t\t\t\t<div class=\"sptp-member border-bg-around-member\">\n\t<div class='sptp-member-avatar' >\n\t<span class=\"sptp-member-avatar-img sptp-square none\">\n\t\t<img decoding=\"async\" src=\"https:\/\/www.graphic.fi\/umg2020\/wp-content\/uploads\/2020\/04\/henkilokuva_6_peetu.png\" alt=\"\" width=\"3880\" height=\"3880\">\n\t<\/span>\n<\/div>\n<div class=\"sptp-member-name\">\n\t\t<h2 class='sptp-member-name-title'>Toni Ojakangas<\/h2>\n\t<\/div>\n<div class=\"sptp-member-profession\">\n\t\t\t<h4 class=\"sptp-jop-title\">Valokuvaaja, markkinointi<\/h4>\n\t<\/div>\n<div class=\"sptp-member-desc\">\n\t\t<img decoding=\"async\" src=\"https:\/\/www.graphic.fi\/umg2020\/wp-content\/uploads\/2020\/04\/tekjat_peetu_teksti_01.svg\" alt=\"\" \/>\r\n<b><a href=\"https:\/\/www.instagram.com\/peetudesign\/\">Instagram<\/a><\/b><\/div>\n<\/div><!-- .sptp-member -->\n\t\t\t<\/div>\n\t\t\t\t\t\t<div class=\"sp-team-item sptp-col-lg-3 sptp-col-md-3 sptp-col-sm-3 sptp-col-xs-1\">\n\t\t\t\t<div class=\"sptp-member border-bg-around-member\">\n\t<div class='sptp-member-avatar' >\n\t<span class=\"sptp-member-avatar-img sptp-square none\">\n\t\t<img decoding=\"async\" src=\"https:\/\/www.graphic.fi\/umg2020\/wp-content\/uploads\/2020\/04\/henkilokuva_5_riikka.png\" alt=\"\" width=\"3880\" height=\"3880\">\n\t<\/span>\n<\/div>\n<div class=\"sptp-member-name\">\n\t\t<h2 class='sptp-member-name-title'>Riikka Alakoski<\/h2>\n\t<\/div>\n<div class=\"sptp-member-profession\">\n\t\t\t<h4 class=\"sptp-jop-title\">Yhteisty\u00f6vastaava, markkinointi<\/h4>\n\t<\/div>\n<div class=\"sptp-member-desc\">\n\t\t<img decoding=\"async\" src=\"https:\/\/www.graphic.fi\/umg2020\/wp-content\/uploads\/2020\/04\/tekjat_riikka_teksti_01.svg\" alt=\"\" \/>\r\n<a href=\"https:\/\/www.instagram.com\/riikkaalakoski\/\"><b>Instagram<\/a> | <a href=\"https:\/\/riikkaalakoski.portfoliobox.net\/\">Portfolio<\/b><\/a><\/div>\n<\/div><!-- .sptp-member -->\n\t\t\t<\/div>\n\t\t\t\t\t\t<div class=\"sp-team-item sptp-col-lg-3 sptp-col-md-3 sptp-col-sm-3 sptp-col-xs-1\">\n\t\t\t\t<div class=\"sptp-member border-bg-around-member\">\n\t<div class='sptp-member-avatar' >\n\t<span class=\"sptp-member-avatar-img sptp-square none\">\n\t\t<img decoding=\"async\" src=\"https:\/\/www.graphic.fi\/umg2020\/wp-content\/uploads\/2020\/04\/henkilokuva_9_sally.png\" alt=\"\" width=\"3880\" height=\"3880\">\n\t<\/span>\n<\/div>\n<div class=\"sptp-member-name\">\n\t\t<h2 class='sptp-member-name-title'>Sally Luhta<\/h2>\n\t<\/div>\n<div class=\"sptp-member-profession\">\n\t\t\t<h4 class=\"sptp-jop-title\">Web developer<\/h4>\n\t<\/div>\n<div class=\"sptp-member-desc\">\n\t\t<img decoding=\"async\" src=\"https:\/\/www.graphic.fi\/umg2020\/wp-content\/uploads\/2020\/04\/tekjat_sally_teksti_01.svg\" alt=\"\" \/>\r\n<b><a href=\"https:\/\/www.instagram.com\/salligrafia\">Instagram<\/a> | <a href=\"http:\/\/salligrafia.info\">Portfolio<\/a><\/b><\/div>\n<\/div><!-- .sptp-member -->\n\t\t\t<\/div>\n\t\t\t\t\t\t<div class=\"sp-team-item sptp-col-lg-3 sptp-col-md-3 sptp-col-sm-3 sptp-col-xs-1\">\n\t\t\t\t<div class=\"sptp-member border-bg-around-member\">\n\t<div class='sptp-member-avatar' >\n\t<span class=\"sptp-member-avatar-img sptp-square none\">\n\t\t<img decoding=\"async\" src=\"https:\/\/www.graphic.fi\/umg2020\/wp-content\/uploads\/2020\/04\/sara_nettiin.png\" alt=\"\" width=\"3880\" height=\"3880\">\n\t<\/span>\n<\/div>\n<div class=\"sptp-member-name\">\n\t\t<h2 class='sptp-member-name-title'>Sara Korkala<\/h2>\n\t<\/div>\n<div class=\"sptp-member-profession\">\n\t\t\t<h4 class=\"sptp-jop-title\">Art Director<\/h4>\n\t<\/div>\n<div class=\"sptp-member-desc\">\n\t\t<img decoding=\"async\" src=\"https:\/\/www.graphic.fi\/umg2020\/wp-content\/uploads\/2020\/04\/tekjat_sara_teksti_04.svg\" alt=\"\" \/>\r\n<a href=\"https:\/\/www.instagram.com\/sarakorkala\/\"><b>Instagram<\/a> | <a href=\"https:\/\/www.sarakorkala.com\/\">Portfolio<\/b><\/a><\/div>\n<\/div><!-- .sptp-member -->\n\t\t\t<\/div>\n\t\t\t\t\t\t<div class=\"sp-team-item sptp-col-lg-3 sptp-col-md-3 sptp-col-sm-3 sptp-col-xs-1\">\n\t\t\t\t<div class=\"sptp-member border-bg-around-member\">\n\t<div class='sptp-member-avatar' >\n\t<span class=\"sptp-member-avatar-img sptp-square none\">\n\t\t<img decoding=\"async\" src=\"https:\/\/www.graphic.fi\/umg2020\/wp-content\/uploads\/2020\/04\/henkilokuva_4_pale.png\" alt=\"\" width=\"3880\" height=\"3880\">\n\t<\/span>\n<\/div>\n<div class=\"sptp-member-name\">\n\t\t<h2 class='sptp-member-name-title'>Pauliina Heikkinen<\/h2>\n\t<\/div>\n<div class=\"sptp-member-profession\">\n\t\t\t<h4 class=\"sptp-jop-title\">Art Director<\/h4>\n\t<\/div>\n<div class=\"sptp-member-desc\">\n\t\t<img decoding=\"async\" src=\"https:\/\/www.graphic.fi\/umg2020\/wp-content\/uploads\/2020\/04\/tekjat_pale_teksti_05.svg\" alt=\"\" \/>\r\n<b><a href=\"https:\/\/www.instagram.com\/palegraphicdesign\/\">Instagram<\/a><\/b> | <b><a href=\"https:\/\/www.paledesign.fi\/\">Portfolio<\/a><\/b><\/div>\n<\/div><!-- .sptp-member -->\n\t\t\t<\/div>\n\t\t\t\t\t\t<div class=\"sp-team-item sptp-col-lg-3 sptp-col-md-3 sptp-col-sm-3 sptp-col-xs-1\">\n\t\t\t\t<div class=\"sptp-member border-bg-around-member\">\n\t<div class='sptp-member-avatar' >\n\t<span class=\"sptp-member-avatar-img sptp-square none\">\n\t\t<img decoding=\"async\" src=\"https:\/\/www.graphic.fi\/umg2020\/wp-content\/uploads\/2020\/04\/henkilokuva_8_veronica.png\" alt=\"\" width=\"3880\" height=\"3880\">\n\t<\/span>\n<\/div>\n<div class=\"sptp-member-name\">\n\t\t<h2 class='sptp-member-name-title'>Veronica Koskinen<\/h2>\n\t<\/div>\n<div class=\"sptp-member-profession\">\n\t\t\t<h4 class=\"sptp-jop-title\">Verkkolehden vastaava<\/h4>\n\t<\/div>\n<div class=\"sptp-member-desc\">\n\t\t<img decoding=\"async\" src=\"https:\/\/www.graphic.fi\/umg2020\/wp-content\/uploads\/2020\/04\/tekjat_veronica_teksti_01.svg\" alt=\"\" \/>\r\n<b><a href=\"https:\/\/www.instagram.com\/withrapids\/\">Instagram<\/a> | <a href=\"https:\/\/www.linkedin.com\/in\/veronica-koskinen-160723163\/\">LinkedIn<\/a><\/b><\/div>\n<\/div><!-- .sptp-member -->\n\t\t\t<\/div>\n\t\t\t\t\t\t<div class=\"sp-team-item sptp-col-lg-3 sptp-col-md-3 sptp-col-sm-3 sptp-col-xs-1\">\n\t\t\t\t<div class=\"sptp-member border-bg-around-member\">\n\t<div class='sptp-member-avatar' >\n\t<span class=\"sptp-member-avatar-img sptp-square none\">\n\t\t<img decoding=\"async\" src=\"https:\/\/www.graphic.fi\/umg2020\/wp-content\/uploads\/2020\/04\/vappu_nettiin.png\" alt=\"\" width=\"3880\" height=\"3880\">\n\t<\/span>\n<\/div>\n<div class=\"sptp-member-name\">\n\t\t<h2 class='sptp-member-name-title'>Vappu Jaakkola<\/h2>\n\t<\/div>\n<div class=\"sptp-member-profession\">\n\t\t\t<h4 class=\"sptp-jop-title\">P\u00e4\u00e4toimittaja, sis\u00e4lt\u00f6koordinaattori<\/h4>\n\t<\/div>\n<div class=\"sptp-member-desc\">\n\t\t<img decoding=\"async\" src=\"https:\/\/www.graphic.fi\/umg2020\/wp-content\/uploads\/2020\/04\/tekjat_vappu_teksti_05.svg\" alt=\"\" \/>\r\n<b><a href=\"https:\/\/www.instagram.com\/vappujaakkoladesign\">Instagram<\/a> | <a href=\"https:\/\/vappujaakkola.portfoliobox.io\/\">Portfolio<\/a><\/b><\/div>\n<\/div><!-- .sptp-member -->\n\t\t\t<\/div>\n\t\t\t\t\t\t<div class=\"sp-team-item sptp-col-lg-3 sptp-col-md-3 sptp-col-sm-3 sptp-col-xs-1\">\n\t\t\t\t<div class=\"sptp-member border-bg-around-member\">\n\t<div class='sptp-member-avatar' >\n\t<span class=\"sptp-member-avatar-img sptp-square none\">\n\t\t<img decoding=\"async\" src=\"https:\/\/www.graphic.fi\/umg2020\/wp-content\/uploads\/2020\/04\/henna_nettiin.png\" alt=\"\" width=\"3880\" height=\"3880\">\n\t<\/span>\n<\/div>\n<div class=\"sptp-member-name\">\n\t\t<h2 class='sptp-member-name-title'>Henna Huotarinen<\/h2>\n\t<\/div>\n<div class=\"sptp-member-profession\">\n\t\t\t<h4 class=\"sptp-jop-title\">P\u00e4\u00e4toimittaja, projektikoordinaattori<\/h4>\n\t<\/div>\n<div class=\"sptp-member-desc\">\n\t\t<img decoding=\"async\" src=\"https:\/\/www.graphic.fi\/umg2020\/wp-content\/uploads\/2020\/04\/tekjat_henna_teksti_03.svg\" alt=\"\" \/>\r\n<a href=\"https:\/\/www.hennahuotarinen.fi\/\"><b>Portfolio<\/b><\/a><\/div>\n<\/div><!-- .sptp-member -->\n\t\t\t<\/div>\n\t\t\t\t\t<\/div> <!-- end row -->\n\t<\/div> <!-- end grid -->\n\t\t<\/div>\n\n<h5 class=\"tipi-center fontfam-1\">YHTEISTY\u00d6SS\u00c4:<\/h5>\n\n        \n            <div class=\"wpwax-lsu-ultimate wpwax-lsu-hover-active wpwax-lsu-grid wpwax-lsu-carousel-theme-1 wpwax-lsu-carousel wpwax-lsu-carousel-theme-1 wpwax-lsu-carousel-nav-around \"\n                            data-lsu-items      = \"5\"\n                data-lsu-margin     = \"20\" \n                data-lsu-loop       = \"true\" \n                data-lsu-perslide   = \"1\"\n                data-lsu-speed      = \"2000\"\n                data-lsu-autoplay   = '\n                                {\n                    \"delay\": \"2000\",\n                    \"pauseOnMouseEnter\": true,\n                    \"disableOnInteraction\": false,\n                    \"stopOnLastSlide\": true,\n                    \"reverseDirection\": false                }\n                                '\n                data-lsu-responsive ='{\n                    \"0\": {\"slidesPerView\": \"2\",  \"slidesPerGroup\": \"1\", \"spaceBetween\": \"15\"}, \n                    \"768\": {\"slidesPerView\": \"3\",  \"slidesPerGroup\": \"1\", \"spaceBetween\": \"15\"}, \n                    \"979\": {\"slidesPerView\": \"4\",  \"slidesPerGroup\": \"1\", \"spaceBetween\": \"20\"}, \n                    \"1199\": {\"slidesPerView\": \"5\",  \"slidesPerGroup\": \"1\", \"spaceBetween\": \"30\"}\n                }'\n                        >\n\n                <div class=\"swiper-wrapper\">\n\n                    \n                    <div class=\"wpwax-lsu-item wpwax-lsu-item-bordered swiper-slide\">\n\n    <div class=\"wpwax-lsu-item-inner\" data-bs-toggle=\"tooltip\" data-bs-placement=\"top\"\n        title=\"\">\n        \n        <a href=\"\" target=\"_blank\">\n\n            <img decoding=\"async\" src=\"https:\/\/www.graphic.fi\/umg2020\/wp-content\/uploads\/2020\/04\/yliopisto_musta-185x119.png\" alt=\"Yliopisto\">\n            \n        <\/a>\n\n    <\/div>\n\n<\/div>\n\n        \n    \n\n                    <div class=\"wpwax-lsu-item wpwax-lsu-item-bordered swiper-slide\">\n\n    <div class=\"wpwax-lsu-item-inner\" data-bs-toggle=\"tooltip\" data-bs-placement=\"top\"\n        title=\"\">\n        \n        <a href=\"\" target=\"_blank\">\n\n            <img decoding=\"async\" src=\"https:\/\/www.graphic.fi\/umg2020\/wp-content\/uploads\/2020\/04\/grano_musta-185x119.png\" alt=\"Grano\">\n            \n        <\/a>\n\n    <\/div>\n\n<\/div>\n\n        \n    \n\n                    <div class=\"wpwax-lsu-item wpwax-lsu-item-bordered swiper-slide\">\n\n    <div class=\"wpwax-lsu-item-inner\" data-bs-toggle=\"tooltip\" data-bs-placement=\"top\"\n        title=\"\">\n        \n        <a href=\"\" target=\"_blank\">\n\n            <img decoding=\"async\" src=\"https:\/\/www.graphic.fi\/umg2020\/wp-content\/uploads\/2020\/04\/papyrus_musta-185x119.png\" alt=\"Papyrus\">\n            \n        <\/a>\n\n    <\/div>\n\n<\/div>\n\n        \n    \n\n                    <div class=\"wpwax-lsu-item wpwax-lsu-item-bordered swiper-slide\">\n\n    <div class=\"wpwax-lsu-item-inner\" data-bs-toggle=\"tooltip\" data-bs-placement=\"top\"\n        title=\"\">\n        \n        <a href=\"\" target=\"_blank\">\n\n            <img decoding=\"async\" src=\"https:\/\/www.graphic.fi\/umg2020\/wp-content\/uploads\/2020\/04\/ottobre_musta-185x119.png\" alt=\"Ottobre\">\n            \n        <\/a>\n\n    <\/div>\n\n<\/div>\n\n        \n    \n\n                    <div class=\"wpwax-lsu-item wpwax-lsu-item-bordered swiper-slide\">\n\n    <div class=\"wpwax-lsu-item-inner\" data-bs-toggle=\"tooltip\" data-bs-placement=\"top\"\n        title=\"\">\n        \n        <a href=\"\" target=\"_blank\">\n\n            <img decoding=\"async\" src=\"https:\/\/www.graphic.fi\/umg2020\/wp-content\/uploads\/2020\/04\/kuvittajat_pienennetty-185x119.png\" alt=\"Kuvittajat\">\n            \n        <\/a>\n\n    <\/div>\n\n<\/div>\n\n        \n    \n\n                    <div class=\"wpwax-lsu-item wpwax-lsu-item-bordered swiper-slide\">\n\n    <div class=\"wpwax-lsu-item-inner\" data-bs-toggle=\"tooltip\" data-bs-placement=\"top\"\n        title=\"\">\n        \n        <a href=\"\" target=\"_blank\">\n\n            <img decoding=\"async\" src=\"https:\/\/www.graphic.fi\/umg2020\/wp-content\/uploads\/2020\/04\/grafia_musta-185x119.png\" alt=\"Grafia\">\n            \n        <\/a>\n\n    <\/div>\n\n<\/div>\n\n        \n    \n\n                    <div class=\"wpwax-lsu-item wpwax-lsu-item-bordered swiper-slide\">\n\n    <div class=\"wpwax-lsu-item-inner\" data-bs-toggle=\"tooltip\" data-bs-placement=\"top\"\n        title=\"\">\n        \n        <a href=\"\" target=\"_blank\">\n\n            <img decoding=\"async\" src=\"https:\/\/www.graphic.fi\/umg2020\/wp-content\/uploads\/2020\/04\/lapinkansa_musta-185x119.png\" alt=\"Lapin Kansa\">\n            \n        <\/a>\n\n    <\/div>\n\n<\/div>\n\n        \n    \n\n                    <div class=\"wpwax-lsu-item wpwax-lsu-item-bordered swiper-slide\">\n\n    <div class=\"wpwax-lsu-item-inner\" data-bs-toggle=\"tooltip\" data-bs-placement=\"top\"\n        title=\"\">\n        \n        <a href=\"\" target=\"_blank\">\n\n            <img decoding=\"async\" src=\"https:\/\/www.graphic.fi\/umg2020\/wp-content\/uploads\/2020\/04\/das_musta-185x119.png\" alt=\"DAS\">\n            \n        <\/a>\n\n    <\/div>\n\n<\/div>\n\n        \n    \n\n                    <div class=\"wpwax-lsu-item wpwax-lsu-item-bordered swiper-slide\">\n\n    <div class=\"wpwax-lsu-item-inner\" data-bs-toggle=\"tooltip\" data-bs-placement=\"top\"\n        title=\"\">\n        \n        <a href=\"\" target=\"_blank\">\n\n            <img decoding=\"async\" src=\"https:\/\/www.graphic.fi\/umg2020\/wp-content\/uploads\/2020\/04\/hyv\u00e4rinen_musta-185x119.png\" alt=\"Hyv\u00e4rinen\">\n            \n        <\/a>\n\n    <\/div>\n\n<\/div>\n\n        \n    \n\n                    <div class=\"wpwax-lsu-item wpwax-lsu-item-bordered swiper-slide\">\n\n    <div class=\"wpwax-lsu-item-inner\" data-bs-toggle=\"tooltip\" data-bs-placement=\"top\"\n        title=\"\">\n        \n        <a href=\"\" target=\"_blank\">\n\n            <img decoding=\"async\" src=\"https:\/\/www.graphic.fi\/umg2020\/wp-content\/uploads\/2020\/04\/liminka_musta_ilman-valkoista-185x119.png\" alt=\"Limingan taidekoulu\">\n            \n        <\/a>\n\n    <\/div>\n\n<\/div>\n\n        \n    \n\n                    <div class=\"wpwax-lsu-item wpwax-lsu-item-bordered swiper-slide\">\n\n    <div class=\"wpwax-lsu-item-inner\" data-bs-toggle=\"tooltip\" data-bs-placement=\"top\"\n        title=\"\">\n        \n        <a href=\"\" target=\"_blank\">\n\n            <img decoding=\"async\" src=\"https:\/\/www.graphic.fi\/umg2020\/wp-content\/uploads\/2020\/04\/s\u00e4teily_musta-185x119.png\" alt=\"S\u00e4teily\">\n            \n        <\/a>\n\n    <\/div>\n\n<\/div>\n\n        \n    \n        \n                <\/div>\n                <div class=\"wpwax-lsu-carousel-nav wpwax-lsu-carousel-nav--around\">\n\n    <div class=\"wpwax-lsu-carousel-nav__btn wpwax-lsu-carousel-nav__btn-prev\">\n\n        <img decoding=\"async\" src=\"https:\/\/www.graphic.fi\/umg2020\/wp-content\/plugins\/logo-showcase-ultimate\/assets\/icons\/arrow-left.svg\" alt=\"\" class=\"wpwax-lsu-svg\">\n\n    <\/div>\n\n    <div class=\"wpwax-lsu-carousel-nav__btn wpwax-lsu-carousel-nav__btn-next\">\n\n        <img decoding=\"async\" src=\"https:\/\/www.graphic.fi\/umg2020\/wp-content\/plugins\/logo-showcase-ultimate\/assets\/icons\/arrow-right.svg\" alt=\"\" class=\"wpwax-lsu-svg\">\n\n    <\/div>\n\n<\/div>            <\/div>\n\n            \n","protected":false},"excerpt":{"rendered":"<p>UMG on Lapin yliopiston graafisen suunnittelun maisteriopiskelijoiden toteuttama yhteis\u00f6lehti, joka ilmestyy&nbsp;s\u00e4hk\u00f6isen\u00e4 ja painettuna. Selailet nyt 10 vuotta t\u00e4ytt\u00e4v\u00e4\u00e4 ja 11. kertaa ilmestyv\u00e4\u00e4 UMG-verkkolehte\u00e4. Vuodesta toiseen UMG-nimilyhenne s\u00e4ilyy, mutta sen merkitys ja lehden teema vaihtuu. T\u00e4n\u00e4 vuonna teema on n\u00e4kyv\u00e4 ja n\u00e4kym\u00e4t\u00f6n, ja lehden nimi muodostuu lausahduksesta: Uh, mit\u00e4 gradienttii! Gradientti-efektiss\u00e4 v\u00e4rit yhdistyv\u00e4t toisiinsa tai liukuvat l\u00e4pin\u00e4kyv\u00e4st\u00e4 n\u00e4kyv\u00e4\u00e4n. UMG-tiimi otti liukuv\u00e4rit haltuunsa, hypp\u00e4si journalismin polulle ja pohti, mit\u00e4 lukijat haluaisivat alamme ilmi\u00f6ist\u00e4 tiet\u00e4\u00e4. Klikkaa artikkeleita ja uppoudu uuden vuosikymmenen UMG-lehteen, jonka [&hellip;]<\/p>\n","protected":false},"author":1,"featured_media":0,"parent":0,"menu_order":0,"comment_status":"closed","ping_status":"closed","template":"","meta":{"inline_featured_image":false,"footnotes":"","_links_to":"","_links_to_target":""},"class_list":["post-421","page","type-page","status-publish","hentry"],"_links":{"self":[{"href":"https:\/\/www.graphic.fi\/umg2020\/wp-json\/wp\/v2\/pages\/421","targetHints":{"allow":["GET"]}}],"collection":[{"href":"https:\/\/www.graphic.fi\/umg2020\/wp-json\/wp\/v2\/pages"}],"about":[{"href":"https:\/\/www.graphic.fi\/umg2020\/wp-json\/wp\/v2\/types\/page"}],"author":[{"embeddable":true,"href":"https:\/\/www.graphic.fi\/umg2020\/wp-json\/wp\/v2\/users\/1"}],"replies":[{"embeddable":true,"href":"https:\/\/www.graphic.fi\/umg2020\/wp-json\/wp\/v2\/comments?post=421"}],"version-history":[{"count":111,"href":"https:\/\/www.graphic.fi\/umg2020\/wp-json\/wp\/v2\/pages\/421\/revisions"}],"predecessor-version":[{"id":2449,"href":"https:\/\/www.graphic.fi\/umg2020\/wp-json\/wp\/v2\/pages\/421\/revisions\/2449"}],"wp:attachment":[{"href":"https:\/\/www.graphic.fi\/umg2020\/wp-json\/wp\/v2\/media?parent=421"}],"curies":[{"name":"wp","href":"https:\/\/api.w.org\/{rel}","templated":true}]}}